 of 12 + -16 - (-21 + (-7 - (-7 + 1)))?
18
Evaluate (6 - -23) + (-6 - -6 - 10).
19
Evaluate 16 + (-43 - -17 - -17) + 4.
11
23 - (31 - (-7 - -23))
8
Calculate 40 - (22 + (0 - 1)).
19
-6 - (-85 + 100 + (-1 - 7))
-13
(-27 - -12) + 10 + -3
-8
Evaluate -4 + -13 + 7 - -7.
-3
Calculate (-3 - 0) + (652 - 643).
6
Evaluate 36 + -51 + (-4 - -2).
-17
What is (-11 - (-20 - -9 - 1)) + 24?
25
What is the value of (-1 - 2) + (-5 + -9 + 3 - -9)?
-5
Calculate (-188 - -200) + (19 - 0).
31
Calculate 0 + -2 + ((-12 - -1) + -10 - -6).
-17
Evaluate -27 + 10 - 7 - -17.
-7
What is the value of (-2 - -2) + 54 + -62?
-8
-3 - 0 - (6 - 17 - 2)
10
-5 + -1 - (-24 - -25)
-7
What is (-17 - -8) + 7 - (-13 + 2)?
9
Calculate -9 - ((20 - 16) + (-32 - -5)).
14
What is the value of 10 + -9 + 17 + -2 + 1 + -2?
15
What is the value of -420 + 415 + (21 - -1)?
17
Evaluate 70 + -57 + -17 + (0 - 3).
-7
(2 - -28) + -3 - 3 - (98 - 97)
23
-43 + 26 - (8 - (-3 - -5))
-23
Calculate 28 + (2 - 4) - (44 - (57 - 21)).
18
What is the value of 12 - (17 - 3 - 8) - -6?
12
31 + (-24 - (13 - 21))
15
Evaluate -8 + -2 + (-2 - -4) - (109 - 114).
-3
What is -5 + 1 + -69 + 76?
3
Calculate -9 + (5 - (8 + -10)) + -4.
-6
What is the value of (-5 + 9 - (9 - 4)) + -10 + 0?
-11
What is -3 + (5 + -2 - 0) + -8 + -1?
-9
What is -27 + (7 - (-8 - 26))?
14
What is the value of (-46 - (-38 - -9)) + 3?
-14
Calculate 28 + (32 - 58) - 3.
-1
Evaluate 0 - (8 + -20) - ((3 - 2) + 3).
8
What is (159 - 158) + -7 + 4?
-2
Evaluate 7 + (15 - 75) - -25.
-28
What is 0 - 7 - (-24 - -14 - -2)?
1
87 + -70 - (39 - 3)
-19
-5 + 7 + (3 - (-2 - (0 - -18)))
25
Calculate 12 + 1 + 13 + -14 + -2.
10
Calculate -19 - (2 - (2 + 1)) - (23 - 26).
-15
What is the value of (0 - 27) + 13 + 14?
0
Calculate -4 + 11 + -11 - -14.
10
Calculate -9 + -48 + 24 + 11 + 1.
-21
Evaluate 27 + (-10 - 3) + -4 + (-3 - 0).
7
What is the value of 10 + 1 + -20 + -2 + 1?
-10
Evaluate -11 + ((-3 - 2) + (-10 - -9) - -5).
-12
Evaluate 4 + -8 - (-49 + 68).
-23
What is -45 + 20 + 36 + -28?
-17
What is the value of 25 + (5 - 0 - (13 + -2)) - 2?
17
(25 - 16 - 8) + (-6 - 1)
-6
What is (37 - (37 + -56)) + -28?
28
(9 - (-2 - 0)) + -590 + 594
15
Calculate -9 + 4 + (12 - (0 - 1)) + 5.
13
Calculate 0 + 18 - 15 - (8 - 2).
-3
-17 - (10 + 0 + -3 + -7)
-17
What is -12 + 12 - (-10 - (0 - 8))?
2
Calculate -5 + -5 + 10 + (12 + -7 - 4).
1
Evaluate -68 - ((-12 - -38) + -58).
-36
What is the value of 0 + 3 + (54 - 56)?
1
Calculate -13 + (11 - (-10 + 7)) - (0 + 7).
-6
What is (1 - 1) + 2 + (2 - 0)?
4
What is the value of -17 + (29 - -1) + -3 - 7?
3
Calculate 16 + (15 - (-1 - -13)) + 3.
22
What is the value of 1 + (-1 - -5) + -15?
-10
Evaluate -37 + 36 - (-5 + 0).
4
What is the value of -27 - (5 - (-12 + 38))?
-6
What is the value of (-31 - (6 + -11)) + 15?
-11
0 - -10 - (9 + -7) - -8
16
(-1 - (-12 + 14)) + 4
1
Calculate 15 + (-7 - (4 - -2)).
2
What is 70 + -82 + (-16 + 7 - (1 - 1))?
-21
1 + (-1 - 15) - (-10 - -40 - 32)
-13
Evaluate 0 + 4 + -12 + -28 + 17 + 4.
-15
Calculate 1 + -1 - -14 - (6 + 15 + -19).
12
2 - (-1 + 1 - (-23 - (9 - 28)))
-2
(-19 - -34 - -5) + 4 + -1
23
What is the value of (47 - 19) + -10 - -3?
21
Evaluate -16 - (-2 - (-9 - -18)).
-5
Calculate -9 + -11 + (34 - 11 - 12).
-9
Evaluate -5 + -5 + 15 + -34 + 7.
-22
Calculate (0 - 0) + 12 + -8 + -8 - -12.
8
What is the value of (22 - 7 - 11) + (6 - 0)?
10
What is 5 + 29 + -16 - 11?
7
What is (3 - 5) + -7 + (2 - -7)?
0
Evaluate (0 - -1 - (-85 + 93)) + 25.
18
Evaluate (-4 - -2 - -6) + -17 + 17.
4
What is the value of 35 + (-37 - -11) + 21?
30
Calculate (-7 - 15) + (-70 - -75).
-17
Calculate -3 - (-1 + -6 - (-6 - (-15 - -14))).
-1
6 + (7 - 6) - (-2 - (-4 + 2))
7
What is the value of (11 - ((-5 - -19) + -4)) + 10?
11
What is (23 - (13 - 2)) + -6?
6
(3 - -5) + (-15 - -2 - -19)
14
What is 1 + (7 - -5) + (-1 - 5)?
7
What is -19 - -5 - (5 + -8)?
-11
Calculate 6 - 2 - (16 - (10 - 7)) - 5.
-14
Calculate 3 + (1 - 2) + 5 + 5 + -3.
9
Calculate -15 + (15 - 1) - ((9 - 5) + 10).
-15
19 - (19 + -5) - 0
5
Evaluate -20 + ((11 - 4) + 6 - (13 - 6)).
-14
Calculate -3 + 19 - 3 - ((27 - 28) + -9).
23
-5 + (11 - 1) - (4 + (14 - 21))
8
What is the value of 3 - (5 - (16 - 6))?
8
What is (-1 - (-8 + -6)) + (10 + -18 - -6)?
11
-2 + (0 - -13) + -15
-4
19 - ((52 - 10) + -24)
1
17 + -4 + 2 - (-14 + 1)
28
-6 + 1 + 1 - (50 + -22 + -2)
-30
What is 1 - (5 - (3 + -1)) - 4?
-6
Evaluate -4 + (0 - (-6 - -9)) - -24.
17
What is -15 + 3 + 4 - -1 - (240 - 244)?
-3
What is 0 + -20 + 1 + -23 + 29?
-13
What is (9 + 7 + -18 - -7) + -2 + 21?
24
(1 + -7 - (-207 + 199)) + (0 - 7)
-5
What is 32 - ((-9 - 20) + 35 - (-1 + 14))?
39
Evaluate -32 + 48 - (-7 - 7).
30
-7 - (6 + -1 + -1 + (-36 - -41))
-16
(-20 - -57 - 24) + -5
8
What is (-1 - -35) + (905 - 924)?
15
What is 13 + -3 - (12 - -15)?
-17
What is the value of -3 + 4 - -7 - (-7 - -17)?
-2
3 - (7 - (5 - -1))
2
Evaluate -972 + 953 + -18 + (3 - 0).
-34
18 + -1 + (659 - 688)
-12
What is (-2 + 3 - -13) + (-9 - (-17 - -8))?
14
Evaluate 107 - 110 - ((3 - 3) + -32).
29
(55 - (114 - 58)) + (-1 + 0 - 20)
-22
What is the value of 1 + 7 - (7 + -14 + 13 + -3)?
5
What is (-6 - (-20 + 7)) + 4 + -6 + -13?
-8
Evaluate 5 - (-8 + (5 - -2)) - (22 - -2).
-18
Evaluate -24 + -12 + (54 - 19).
-1
Evaluate -2 + -4 + 2 + (253 - 249).
0
(-4 - 6) + 16 - 7
-1
What is 0 - -30 - (-3 - (-1 - 3 - 5))?
24
29 + 0 - (384 + -379 - (1 + 3))
28
What is -8 + 19 + (-1 - -10) + 4?
24
7 - (-4 - -13) - 4
-6
-16 + (33 - 10) + -3
4
What is 7 - -4 - (-1 + -13 + 28)?
-3
(211 - 226) + (1 - -7) + -1 + 8
0
Evaluate 6 - (-5 + 6 + -10).
15
(-13 - -2) + (14 - 8 - -2)
-3
What is the value of 25 + -30 - 1 - -26?
20
What is (2 - 6 - 11 - -11 - -8) + -8?
-4
Calculate -11 - -15 - (10 + -11 - -14).
-9
What is the value of -3 - 0 - (9 + 5 + -15) - -18?
16
-6 - -11 - (0 + (2 - -1))
2
What is (15 - (-3 + (8 - 1))) + -5 + 16?
22
Calculate 11 - (-7 + 7) - (11 + (12 - 47)).
35
What is (7 - 15 - -6 - -1) + 7 + 0?
6
Calculate 1 + (23 - (14 + 0 + -1)).
11
Evaluate 4 - (13 + -8 + 8).
-9
What is the value of -1 + 14 + (7 - 14 - -11)?
17
Calculate 16 + -40 + 30 - (-8 - 2).
16
-9 + (0 + 17 - 17)
-9
What is the value of -9 - (-16 - (-13 + (9 - 6)))?
-3
What is -3 + -2 - ((-5 - -3) + -2) - -28?
27
(-21 - (-11 + 2)) + 23 + -25
-14
-5 + (-22 - -62) - (1 + 9)
25
What is 2765 - 2765 - (2 - -11 - (1 + -3))?
-15
What is the value of (9 + -13 - (-6 - 0)) + (5 - -11)?
18
-11 - -12 - (-10 - (0 - 6))
5
-1 + 13 + (337 - 338)
11
Calculate (44 - 35) + -28 + 7.
-12
What is the value of -36 + (-37 - -10 - -60)?
-3
Evaluate (-1 - -21) + -3 - (7 + -13 + 7).
16
Evaluate -10 + 4 + (4 - (-3 - (10 - 9))).
2
What is the value of (7 - -1) + 37 + -53 + 31?
23
What is the value of -3 + -13 + (2 - 1)?
-15
Evaluate -8 + (8 - (18 - 12 - 5)).
-1
Calculate -14 + (-5 - ((6 - 18) + 8)).
-15
What is 13 + (11 - (20 - -28))?
-24
10 - -2 - (-10 - (-2 + -6))
14
What is 7 - -1 - (-5 - (1 + -10))?
4
What is the value of -1 + 8 + -31 + (-12 - (-3 + -5))?
-28
Calculate (2 - 4 - -19 - 8) + -12 + 11.
8
What is 1 + (-9 - (5 - 4) - (-1 - 34))?
26
What is -10 - (65 + -62 - ((1 - 1) + 2))?
-11
What is the value of 0 - (0 + 19 - 15)?
-4
Evaluate -7 + -15 + (20 - 7) + -10.
-19
What is 0 + 0 - 0 - -2 - (-766 + 767)?
1
What is the value of -12 + (-3 - ((0 - 6) + 7 + -9))?
-7
What is -16 - -13 - -11 - -3?
11
-15 + 22 + (4 - -9) + 7
27
Evaluate -315 + 293 + (-1 - -13).
-10
What is (-9 - (11 - 24)) + -5?
-1
Calculate -5 - (14 - (-14 - -23)).
-10
Evaluate -20 + 23 - (-1 + (0 - 0)).
4
(3 - -1) + -2 + (-22 - -4) - -5
-11
What is the value of -3 - (-3 - (25 - 10)) - 11?
4
What is the value of 0 + (30 + -19 - (6 - -6))?
-1
What is 4 - (6 + -1 - (-1 - 2))?
-4
Calculate -1 + (2 + 2 - (-2 + -9 + 2)).
12
-313 + 300 - ((-8 + 0 - -1) + 1)
-7
Evaluate (51 + -59 - (5 + -4)) + 1 + 5.
-3
Evaluate 22 - (43 - 19) - -12.
10
What is 0 + 2 + 4 - (-471 - -471) - -8?
14
What is -16 + 4 - (37 - 54 - (-7 + -1))?
-3
Evaluate -184 - -185 - (-3 - 27).
31
Evaluate (9 - 3) + -6 + 11 + -14.
-3
What is the value of 22 + -14 - (0 - 2)?
10
Calculate -3 + (-45 - (-28 - -2)).
-22
Calculate -20 - -16 - (-27 - (-3 + -2)).
18
What is the value of (4 - (6 - (-18 + 7 + -2))) + 4?
-11
18 + -24 + 17 - 22
-11
Evaluate -2 + -4 + 4 + 5 + -12.
-9
Evaluate -5 + 18 + -15 - (3 - -9).
-14
What is (1 - -2) + (